 = 647462 - 396079. Is i composite?
True
Let w = 322 - -58. Let l = w + 185. Suppose 444 = f - l. Is f a composite number?
False
Suppose 0 = -25*k - 36188 - 205962. Let u = -6387 - k. Is u a composite number?
False
Is (-70507)/(-1) - (14 + 2) prime?
False
Let h = 163 + -159. Suppose 6349 = h*r - 6303. Is r a prime number?
True
Let k(c) = 7*c + 2. Let r be k(1). Let h be 1/((r/93)/(-3)). Let d = 832 - h. Is d prime?
True
Suppose -8*n + 12360 = -3*n. Suppose n = 10*v - 14*v. Let r = 1352 + v. Is r a composite number?
True
Let d be 2 - (2 - 5)*-22. Let s = -304 - d. Let t = 419 + s. Is t a composite number?
False
Suppose -18*x - 27*x + 68463 = -36*x. Is x a composite number?
False
Let h = 19063 + -8376. Is h a prime number?
True
Let j = -12348 + 84779. Is j prime?
True
Let k(g) = -5788*g - 1082. Is k(-33) composite?
True
Let m be ((-12)/(-5))/(6/20 + 0). Suppose -r + m = r. Suppose 120 = -r*a + 1284. Is a composite?
True
Is 3/(-24) + 407/264*2409711 + 8 a prime number?
True
Is (-240)/(-1040) + (-6405000)/(-39) prime?
True
Suppose -4*j + 111 = 3*s, 3*j - 53 = -s + 29. Is (-6*(-1)/(-8))/(j/(-252036)) composite?
False
Let o = 16331 + 7722. Is o a composite number?
True
Let b(u) = 93*u**2 + 9*u + 63. Let k be b(-6). Let d = k - 1843. Is d prime?
False
Let a = 684 - 698. Let f(m) = -237*m - 201. Is f(a) a composite number?
True
Suppose 7*h - 1431 = 5807. Suppose z - i - h = 0, -2121 = -5*z + 4*i + 3050. Let a = 52 + z. Is a composite?
False
Suppose -9*k - 73*k - 17384 = 0. Suppose 7*p - 4*p = -5*z - 2140, 0 = p + 5*z + 730. Let d = k - p. Is d a prime number?
False
Let s = -2018 - -71457. Is s prime?
True
Suppose 2*i = -7*i + 23697. Suppose 2*n - i = -321. Let k = -113 + n. Is k prime?
False
Suppose -3049906 - 2541656 = -202*f. Is f a composite number?
True
Let i(p) = 802*p**2 - 6*p + 1. Let h(l) = l**2 + 2*l - 3. Let d be h(-4). Let k = -4 + d. Is i(k) prime?
True
Suppose 61*u - 58*u = 84. Let w(b) = 130*b**2 + 12 + 49*b**2 - u*b**2 - 8 + 4*b. Is w(-3) a prime number?
False
Suppose 5071 = 9*f - 1031. Let u = f + -269. Is u a composite number?
False
Is 18166001/42 + 22 + 5/(-6) composite?
True
Suppose 0*m + 30 = 3*m. Suppose -12*q + 720 = 276. Let u = q + m. Is u prime?
True
Suppose 2*q = j - 16855 - 42486, -q = -4*j + 237336. Is j a composite number?
False
Suppose -115*b + 4180700 + 618135 = 0. Is b composite?
False
Let o(t) = -1511*t**3 - t - 1. Is o(-1) a composite number?
False
Let x be (-1)/5 + (-1248)/(-65). Suppose -4*k + 60 - x = -5*o, -5 = -5*k - 3*o. Is k/22 + (-207)/(-11) prime?
True
Let r = 126 - 52. Suppose 71*i + 78 = r*i. Suppose 31*o - 635 = i*o. Is o a prime number?
True
Let q(d) be the first derivative of 16/3*d**3 - 1/4*d**4 - 13*d - 11 + 19/2*d**2. Is q(17) a composite number?
True
Let r(z) be the second derivative of 13*z**5/20 - z**4/12 - z**3 - 7*z**2/2 + 47*z. Let h = -5 - -11. Is r(h) a prime number?
True
Is (-104591 - -13)/((4 + 0)*(-5)/10) composite?
False
Suppose 0 = -2*v - 3*o + 4, 2*v + 5*o - o = 4. Is -1363*(-4)/(v + 2) a prime number?
False
Suppose 3*g = -4*n + 1460872, 1163809 = 4*n - g - 297079. Is n a composite number?
True
Let d be (-84100 + -5)/(-7) - 5. Suppose -d = 24*h - 222754. Is h composite?
True
Suppose -3449 - 1027 = -4*u. Let y = -578 + u. Is y composite?
False
Let q be (2/10)/((-1)/(-5)). Suppose 0 = r + 2*f - 1, 3*r = -f + 3*f + 35. Is (10/6)/(q/r) composite?
True
Let j = -105 + 111. Suppose -4*i - 4*n + 8 = 0, 4 = i + j*n - 3*n. Is (i/2)/((-20)/(-61720)) composite?
False
Let f be (-2 + 11)*(-2)/(-6). Suppose k - 11 = -r, -2 - 7 = -f*r + 5*k. Suppose 3*u - x - 1511 = 0, 6*x - r = 4*x. Is u prime?
False
Is 2/(-3)*(-8307012)/28 a prime number?
False
Suppose 533094 = 6*h + 127740. Let s = h - 45550. Is s prime?
False
Suppose -5*f + 15873 = -2*f + 4*d, -f - 5*d + 5302 = 0. Suppose -f = 5*o - 482. Is -3 - 1/(-1) - o a prime number?
False
Let x(r) = -69*r**3 + 49*r**2 + 39*r + 22. Is x(-19) a composite number?
False
Let m = 66407 + -43460. Is m composite?
True
Let h(l) = 6*l**2 - 13*l + 44. Let s be h(20). Suppose -4*p - s + 9876 = 0. Is p a composite number?
True
Let s = 1282 + 8961. Is s a composite number?
False
Suppose b + 5*w = -3783 + 15680, -3*b + 35793 = -2*w. Is b prime?
True
Suppose 0 = -5*l + 5*b - 275, l + 18 = -b - 35. Let z = 443 + l. Is z a composite number?
False
Is ((-10)/15)/(42/(-2411199)) a prime number?
True
Suppose 15*h + 65 = 20*h. Suppose -3*l + 5*u - h = -4303, -2*l + 2873 = u. Suppose -5*r = 20, 0 = -2*i + 2*r + l + 327. Is i a composite number?
False
Suppose -q + 5*x = -3, 2*x = 3*q - 8*q + 42. Suppose 31 = -2*b + 35. Suppose b = -z, -6*h - z = -q*h + 5124. Is h prime?
False
Let p(b) = -b**2 + 2*b + 621. Let f be p(0). Let d = -207 + f. Let g = -115 + d. Is g prime?
False
Is ((-238)/(-21) - 10) + (-3)/(18/(-2113798)) a prime number?
True
Let y(b) = 3*b + 527. Suppose -20 = v - 22. Suppose 0*p - 4*p - v*g + 6 = 0, -4*g + 12 = -3*p. Is y(p) prime?
False
Suppose 60*t - 62*t + 4*k = -2332742, -4*k = -3*t + 3499121. Is t a composite number?
True
Let j(w) be the first derivative of -5*w**4/2 + 9*w**2/2 + 47*w - 92. Is j(-10) a prime number?
False
Suppose 3*w + 356407 = 5*h, 24*h = 27*h - 5*w - 213857. Is h a prime number?
False
Let t be 127*121 - ((-6 - 0) + 3). Let v = t + -9612. Is v composite?
True
Is (-13 - 98/(-7))*39099/3 prime?
True
Let o = -1468 - -678. Let k = -109 - o. Is k composite?
True
Let r(p) = 36*p**2 + 13*p + 41. Let g(t) = -7*t**2 - t - 5. Let a(h) = -10*h**2 - h - 7. Let x(u) = 5*a(u) - 7*g(u). Let k(y) = r(y) - x(y). Is k(-5) prime?
True
Suppose 3*j - 1901 = 3370. Suppose -14*o + 13*o = -j. Is o composite?
True
Suppose -62 = u - 65. Suppose -7*q = -d - u*q + 4983, -2*d = -5*q - 9978. Is d composite?
False
Let s = 328 + -184. Is (-24)/s - 254*255/(-36) composite?
True
Suppose -3*n + 0*n + 60429 = 3*x, 0 = 5*x - 2*n - 100729. Suppose -16*r = -r - x. Is r a composite number?
True
Let z(y) = -19*y**2 + 23*y - 9. Let m(u) = 9*u**2 - 11*u + 4. Let a(s) = -13*m(s) - 6*z(s). Let n be a(7). Let o = 165 + n. Is o prime?
False
Let i = -379043 - -749950. Is i composite?
True
Let r be 15587/(-91) + (2/7 - 0). Let q be r/(-38)*1/(3/2). Suppose -g - b - 423 = -3*g, 4*g - 841 = -q*b. Is g a composite number?
False
Suppose 115360 = -5*q - 22805. Is (-15)/20 + (q/(-12) - 0) a composite number?
True
Suppose -p - 22*p = 7130. Let q = p - -533. Is q a composite number?
False
Let s(v) be the third derivative of 0*v + 135/8*v**4 + 29*v**2 + 17/3*v**3 + 0. Is s(3) a composite number?
False
Suppose 182 = -c + 448. Let j = c + -147. Is j a prime number?
False
Let q(n) = -8*n**3 + 8*n**2 + 20*n + 38. Let a be q(-9). Let z(y) = 143*y**2 + 3*y + 10. Let v be z(-3). Suppose -a = -6*u + v. Is u prime?
False
Suppose -1429 - 2246 = 5*b. Let k be (232/12)/((-2)/192). Let q = b - k. Is q composite?
True
Suppose 4*y - 28 = -f, 0 = 16*y - 14*y + f - 16. Suppose -y*v + 11*v - 4175 = 0. Is v a prime number?
False
Let k(j) = 45*j**2 - 43*j - 55. Let a(b) = 22*b**2 - 21*b - 27. Let v(h) = 13*a(h) - 6*k(h). Is v(-8) composite?
False
Let j(h) = 328*h**3 - 3*h**2 + 3*h + 11. Let y(w) = 328*w**3 - 4*w**2 + 2*w + 12. Let f(t) = -3*j(t) + 2*y(t). Is f(-2) composite?
True
Suppose 148*c = 152*c - 972. Let f(y) = -2*y**2 + 5*y - 2. Let w be f(4). Let b = c - w. Is b composite?
False
Suppose -5*l + 5*r + 3 + 2 = 0, 5*r - 1 = 3*l. Suppose 0 = -l*c + 3*w + 9, 0 = -6*c + c - w + 39. Suppose 3*k + 1 = c, 0 = -p - 2*k + 741. Is p a prime number?
False
Let a(m) = -m**2 + 15*m - 35. Let g be 8/(1/1) - -2. Let d be a(g). Is 1580/d - -3*4/18 a prime number?
False
Suppose -5*g + 124685 = -2*s, 0*g + 2*g + 5*s - 49874 = 0. Is g a prime number?
False
Let t(w) be the second derivative of w**3/2 + 16355*w**2/2 - 13*w. Is t(0) prime?
False
Suppose 5*m - 87*c = -88*c + 263692, -3*c + 210947 = 4*m. Is m composite?
True
Let s(l) = -293*l - 68. Suppose -139 + 24 = 23*z. Is s(z) a prime number?
False
Suppose 0 = -16*v + v. Suppose v = -22*r + 8*r - 3150. Let d = r - -572. Is d prime?
True
Let p(f) = f**2 + 4*f - 1. Let x be p(-5). Suppose -x*b - 31 = -151. Is ((-7540)/b)/(4/(-6)) a prime number?
False
Let q = 33 + -29. Suppose 3*w - 5 = 2*w, -m - q*w + 17 = 0. Is (0 + m - -7) + 559 prime?
True
Let v = -7868 + 4660. Let b = v + 1964. 